
9
What is the greatest common factor of 50 and 175?
25
Calculate the greatest common divisor of 12679 and 31.
31
What is the highest common factor of 352 and 22?
22
Calculate the highest common divisor of 4002 and 966.
138
Calculate the highest common factor of 102 and 646.
34
Calculate the greatest common factor of 102 and 5457.
51
What is the greatest common divisor of 286 and 234?
26
Calculate the greatest common divisor of 452 and 339.
113
What is the greatest common divisor of 7357 and 7?
7
What is the greatest common divisor of 61 and 1037?
61
Calculate the greatest common divisor of 1818 and 18.
18
Calculate the greatest common divisor of 30 and 2325.
15
What is the greatest common divisor of 9555 and 78?
39
Calculate the highest common divisor of 54 and 24.
6
What is the greatest common factor of 1952 and 305?
61
Calculate the greatest common divisor of 28 and 16.
4
What is the highest common factor of 95244 and 12?
12
What is the highest common divisor of 3102 and 198?
66
What is the highest common factor of 575 and 25?
25
Calculate the greatest common divisor of 352 and 1716.
44
What is the highest common factor of 3 and 4239?
3
Calculate the greatest common divisor of 13445 and 5.
5
What is the highest common divisor of 1610 and 92?
46
Calculate the greatest common factor of 736 and 32.
32
What is the highest common divisor of 406 and 3598?
14
What is the highest common divisor of 1419 and 363?
33
Calculate the greatest common factor of 162 and 1053.
81
What is the greatest common divisor of 12 and 228?
12
Calculate the greatest common divisor of 360 and 40.
40
Calculate the greatest common factor of 1456 and 637.
91
Calculate the greatest common divisor of 605 and 275.
55
Calculate the highest common factor of 16 and 60.
4
Calculate the highest common divisor of 72 and 612.
36
Calculate the greatest common divisor of 93 and 31.
31
Calculate the greatest common factor of 261 and 18.
9
Calculate the highest common divisor of 396 and 24.
12
Calculate the highest common divisor of 31 and 155.
31
What is the greatest common factor of 30 and 465?
15
Calculate the greatest common divisor of 138 and 322.
46
Calculate the highest common factor of 1832 and 72.
8
Calculate the highest common divisor of 3556 and 56.
28
Calculate the highest common divisor of 767 and 118.
59
Calculate the greatest common factor of 9 and 1080.
9
Calculate the highest common divisor of 316 and 21646.
158
What is the highest common factor of 126 and 63630?
126
What is the highest common divisor of 10 and 290?
10
What is the highest common factor of 98728 and 164?
164
What is the highest common factor of 101 and 7171?
101
What is the highest common divisor of 22 and 22?
22
What is the highest common factor of 242 and 528?
22
What is the greatest common divisor of 9 and 12?
3
What is the highest common divisor of 3937 and 3?
1
What is the greatest common factor of 2948 and 44?
44
What is the greatest common factor of 84 and 12?
12
What is the highest common divisor of 408 and 4998?
102
What is the highest common divisor of 11 and 23?
1
What is the greatest common divisor of 1 and 25?
1
What is the highest common divisor of 30 and 11490?
30
What is the highest common factor of 14 and 1113?
7
Calculate the greatest common divisor of 36 and 44.
4
What is the greatest common factor of 15 and 1470?
15
Calculate the highest common divisor of 41236 and 488.
244
What is the highest common divisor of 351 and 378?
27
Calculate the greatest common factor of 3030 and 90.
30
Calculate the highest common factor of 700 and 40.
20
Calculate the highest common divisor of 26 and 286.
26
What is the greatest common divisor of 37 and 185?
37
Calculate the greatest common factor of 1829 and 31.
31
Calculate the greatest common divisor of 510 and 3630.
30
What is the greatest common factor of 83 and 7387?
83
What is the greatest common divisor of 2650 and 100?
50
What is the greatest common divisor of 1179 and 18?
9
Calculate the greatest common factor of 20062 and 14.
14
What is the greatest common divisor of 340 and 320?
20
Calculate the greatest common divisor of 469 and 56.
7
Calculate the greatest common factor of 91 and 5473.
13
Calculate the highest common factor of 20 and 12.
4
Calculate the greatest common factor of 126 and 9522.
18
What is the highest common divisor of 406 and 574?
14
Calculate the highest common factor of 1053 and 1989.
117
What is the highest common divisor of 44 and 132?
44
What is the greatest common factor of 324 and 90?
18
Calculate the greatest common divisor of 477 and 36.
9
What is the highest common factor of 13 and 2327?
13
Calculate the greatest common divisor of 20319 and 39.
39
What is the greatest common factor of 112 and 464?
16
Calculate the greatest common divisor of 184 and 460.
92
What is the highest common divisor of 24 and 56?
8
Calculate the greatest common factor of 99 and 4851.
99
What is the highest common divisor of 969 and 76?
19
Calculate the greatest common factor of 10 and 50.
10
What is the greatest common factor of 54 and 81?
27
Calculate the greatest common factor of 122 and 549.
61
Calculate the greatest common factor of 1 and 59.
1
Calculate the greatest common factor of 65 and 130.
65
What is the greatest common divisor of 3364 and 4?
4
What is the highest common factor of 1480 and 580?
20
What is the greatest common divisor of 294 and 539?
49
Calculate the greatest common divisor of 24 and 786.
6
Calculate the highest common divisor of 55 and 3300.
55
What is the highest common divisor of 24 and 280?
8
Calculate the highest common factor of 78 and 117.
39
What is the highest common divisor of 3760 and 100?
20
What is the greatest common divisor of 120 and 780?
60
What is the highest common factor of 1469 and 13?
13
What is the greatest common factor of 72 and 5832?
72
What is the highest common divisor of 1612 and 260?
52
What is the greatest common divisor of 1215 and 108?
27
Calculate the highest common divisor of 504 and 3864.
168
What is the highest common divisor of 1170 and 30?
30
Calculate the highest common divisor of 1600 and 384.
64
Calculate the highest common divisor of 949 and 26.
13
Calculate the highest common divisor of 13330 and 620.
310
Calculate the highest common factor of 41 and 1353.
41
What is the greatest common divisor of 112 and 7826?
14
Calculate the greatest common divisor of 28 and 1414.
14
What is the greatest common factor of 28 and 63?
7
What is the greatest common divisor of 40 and 8?
8
What is the highest common divisor of 300 and 444?
12
Calculate the greatest common factor of 241 and 18316.
241
What is the highest common divisor of 5 and 625?
5
What is the greatest common divisor of 11 and 35783?
11
What is the greatest common factor of 527 and 51?
17
Calculate the highest common factor of 1638 and 1134.
126
Calculate the greatest common divisor of 69 and 391.
23
Calculate the highest common factor of 423 and 47.
47
Calculate the highest common factor of 297 and 27.
27
What is the highest common factor of 64 and 752?
16
What is the greatest common factor of 116 and 174?
58
What is the highest common divisor of 77 and 352?
11
What is the greatest common factor of 21 and 42?
21
Calculate the greatest common divisor of 366 and 488.
122
Calculate the greatest common divisor of 5 and 215.
5
What is the highest common divisor of 2 and 2?
2
Calculate the greatest common divisor of 45 and 60.
15
What is the highest common divisor of 9 and 423?
9
Calculate the greatest common factor of 113 and 5537.
113
Calculate the greatest common factor of 336 and 378.
42
Calculate the greatest common factor of 100 and 75.
25
What is the greatest common factor of 23 and 9568?
23
Calculate the greatest common factor of 98 and 16.
2
Calculate the greatest common factor of 236 and 54044.
236
What is the highest common divisor of 136 and 11356?
68
What is the greatest common divisor of 15 and 26610?
15
What is the greatest common factor of 77 and 44?
11
What is the highest common divisor of 17 and 493?
17
Calculate the highest common divisor of 2 and 23.
1
What is the highest common factor of 90 and 1410?
30
Calculate the highest common factor of 1113 and 3021.
159
What is the highest common divisor of 4 and 